00000 - 11000010101?
1011000001011
In base 11, what is -30022 - 322?
-30344
In base 12, what is 83 - -12366bb?
1236782
In base 16, what is 6779 - 1ef2?
4887
In base 6, what is 13 - 1121251140?
-1121251123
In base 6, what is -12022235 + 5?
-12022230
In base 9, what is -40550677 - 2?
-40550680
In base 8, what is 404405 + 3216?
407623
In base 5, what is 21 - 114210213?
-114210142
In base 14, what is 328265 + 7?
32826c
In base 11, what is -19a50 - a94?
-1aa34
In base 14, what is b237741 - 2?
b23773d
In base 5, what is -1140221240 + 112?
-1140221123
In base 11, what is 25aaa80 + -82?
25aa9a9
In base 12, what is 11894a + -1432?
117518
In base 2, what is -1011001101001001 - 10110001?
-1011001111111010
In base 14, what is -1c5 - -5065?
4c80
In base 10, what is -13 + -907829?
-907842
In base 14, what is -650 - 9d1c?
-a56c
In base 15, what is -e7 + -1cc30b?
-1cc403
In base 10, what is -3010 - 8083?
-11093
In base 13, what is 0 + 64cb1?
64cb1
In base 6, what is -34532343 + 4?
-34532335
In base 4, what is -12211101202 - 1321?
-12211103123
In base 8, what is -2 - -361333015?
361333013
In base 6, what is -21 + -21420513?
-21420534
In base 3, what is 211 + 21201220211011?
21201220211222
In base 15, what is -148765 + -10?
-148775
In base 11, what is -1158 + -3888?
-4a35
In base 11, what is 0 + -41849a4a?
-41849a4a
In base 14, what is -2a - 6c237?
-6c263
In base 7, what is 6154515 + 11?
6154526
In base 15, what is 3 - -bc912?
bc915
In base 6, what is 3 - -131010455?
131010502
In base 9, what is 70668872 - 4?
70668867
In base 3, what is 11120 + -1120020010?
-1120001120
In base 9, what is -2 + 13387451?
13387448
In base 9, what is -10126122 - 0?
-10126122
In base 2, what is 10000111110010 + 11010101101?
10100010011111
In base 9, what is 66336 + 285?
66632
In base 6, what is -2511202 + -231?
-2511433
In base 4, what is -10212112 + 1322121?
-2223331
In base 5, what is 101101332 + 132?
101102014
In base 15, what is -d4325 - 3?
-d4328
In base 9, what is 13118 - -34801?
48020
In base 4, what is -3111 - -2302313300?
2302310123
In base 3, what is 0 - 222022101101112?
-222022101101112
In base 4, what is -313 - 31120131?
-31121110
In base 11, what is -2211748 + 6?
-2211742
In base 8, what is -5572 + 142057?
134265
In base 13, what is -c576 - -39?
-c53a
In base 8, what is -446 - -6144513?
6144045
In base 8, what is 65324 - -1003?
66327
In base 14, what is -8 + 2389392?
2389388
In base 14, what is -144 - 9264c?
-92792
In base 13, what is 19 + 9b6c?
9b88
In base 8, what is -32442266 - 0?
-32442266
In base 2, what is 10011010101011001010110101 - 0?
10011010101011001010110101
In base 11, what is -3a57369 - 4?
-3a57372
In base 7, what is 2412114232 - 4?
2412114225
In base 8, what is -11 - -20775407?
20775376
In base 5, what is 221224320 + 12342?
221242212
In base 14, what is -24a42 - 34?
-24a76
In base 10, what is -32 + -1220?
-1252
In base 9, what is 2372 - -646?
3128
In base 7, what is 26502 - 60460?
-30655
In base 14, what is b570cb62 - -3?
b570cb65
In base 14, what is -185d27a3 + 0?
-185d27a3
In base 6, what is -5010 - 10345414?
-10354424
In base 7, what is 2506310513 + 3?
2506310516
In base 10, what is 2 - -2521672?
2521674
In base 16, what is 7ffc8b + 11?
7ffc9c
In base 11, what is -13444 - 663?
-13aa7
In base 16, what is 9 - 61b07?
-61afe
In base 6, what is -55 + 2303452312?
2303452213
In base 13, what is 1 - -78a1b39?
78a1b3a
In base 14, what is -23dc71 - -8?
-23dc67
In base 4, what is -12 + 2011121210010?
2011121203332
In base 16, what is 14202bc2 - 4?
14202bbe
In base 8, what is -3733 + 403212?
377257
In base 9, what is 6 - 3141075?
-3141068
In base 8, what is 2 - -220611247?
220611251
In base 4, what is 2103122 - 20?
2103102
In base 7, what is 2 - 3645153421?
-3645153416
In base 12, what is -7578779 - -3?
-7578776
In base 14, what is 13478 - 40c4?
d394
In base 11, what is 18280 + 199?
18469
In base 11, what is 5 + 3817531?
3817536
In base 5, what is 13 - -31030203?
31030221
In base 8, what is 10044 + 1501?
11545
In base 14, what is -d - 3a87da?
-3a8809
In base 14, what is -26557 + -32?
-26589
In base 7, what is 265541 - 2134?
263404
In base 10, what is 3759890 + 54?
3759944
In base 13, what is -23cb8 - -92c?
-23389
In base 3, what is 22 - -1002222122111020?
1002222122111112
In base 12, what is a68 - 1443?
-597
In base 8, what is -335 + -153665?
-154222
In base 6, what is -11 + 1320224?
1320213
In base 11, what is 3888 - 523?
3365
In base 4, what is 102 + -3230331?
-3230223
In base 6, what is -4 + 324003154?
324003150
In base 5, what is 0 + -3023013241?
-3023013241
In base 4, what is -2 + 230333211002?
230333211000
In base 9, what is 17837185 - -2?
17837187
In base 8, what is 1754345 + 64?
1754431
In base 5, what is 111 - 24122312?
-24122201
In base 2, what is -1 + -101000111111100101000110101?
-101000111111100101000110110
In base 13, what is b819 + -55?
b794
In base 4, what is 3 + -1131332021?
-1131332012
In base 4, what is -323010210020 - -3?
-323010210011
In base 6, what is -142311134 - -1?
-142311133
In base 16, what is -59444f - -2?
-59444d
In base 10, what is -38287 + 27?
-38260
In base 4, what is 10 + 111223211211122?
111223211211132
In base 5, what is -4 + -130111242003?
-130111242012
In base 8, what is -12731 + -3247?
-16200
In base 14, what is 21c + -4c97?
-4a79
In base 13, what is -6 + -5999b6?
-5999bc
In base 4, what is -10103 - 1130203311?
-1130220020
In base 5, what is 211430000 - 13?
211424432
In base 2, what is 111001000101010100 + 1001001000?
111001001110011100
In base 9, what is 1222523 - -30?
1222553
In base 9, what is 18331342 - 4?
18331337
In base 9, what is 1372 - 77752?
-76370
In base 16, what is 6bc9c3 - -5?
6bc9c8
In base 16, what is -d8d - -17520?
16793
In base 8, what is 5 + -411502713?
-411502706
In base 12, what is 42 - -12482?
12504
In base 8, what is 1 + -774212320?
-774212317
In base 10, what is 267524 - -2?
267526
In base 14, what is -1506c6 + 427?
-15029d
In base 16, what is 67a + f02a?
f6a4
In base 5, what is 1 - 102020421?
-102020420
In base 10, what is 5354142 - 25?
5354117
In base 14, what is 3 - ba2524?
-ba2521
In base 8, what is 21147735 - 0?
21147735
In base 10, what is -2 - -142546399?
142546397
In base 16, what is -17b6b00 + -1?
-17b6b01
In base 4, what is 1000333133 - 130?
1000333003
In base 15, what is 3 + 1977bdd?
1977be1
In base 5, what is 10112 - 4243422?
-4233310
In base 5, what is 12442102221 + 21?
12442102242
In base 4, what is 1 + 1002102120300?
1002102120301
In base 8, what is -1065757 - 731?
-1066710
In base 10, what is -653469 + -2?
-653471
In base 4, what is -230321023 - 2233?
-230323322
In base 2, what is 1100 + -100001011011101001110?
-100001011011101000010
In base 2, what is 111001101101111000010001 - 11?
111001101101111000001110
In base 12, what is -622110 - 0?
-622110
In base 8, what is 41563 + -2227?
37334
In base 12, what is 3787ab80 + -4?
3787ab78
In base 15, what is -cc + 96d8?
960b
In base 3, what is -12 - 2001020012010?
-2001020012022
In base 16, what is -1 + -4a7764?
-4a7765
In base 11, what is -155775 - 7?
-155781
In base 7, what is -2 - 1366553336?
-1366553341
In base 9, what is -1 + -4166012?
-4166013
In base 5, what is -3104 + 3240123?
3232014
In base 3, what is -1101010010 - -2122100?
-1021110210
In base 10, what is 60910 + 3070?
63980
In base 16, what is -195ce + 0?
-195ce
In base 11, what is -858a0 + -141?
-85a31
In base 13, what is -21a92 - -a3?
-219bc
In base 14, what is 1b - 38c7b8?
-38c79b
In base 10, what is 4 - 24404435?
-24404431
In base 13, what is -78c418 + a?
-78c40b
In base 9, what is 15 - 345072?
-345056
In base 3, what is 11 - -11211212210222002?
11211212210222020
In base 11, what is 1527 + 3421?
4948
In base 6, what is -2044003 + -3103?
-2051110
In base 16, what is 825da5 + 8?
825dad
In base 7, what is -6611053 + 0?
-6611053
In base 10, what is 50644 + 3281?
53925
In base 16, what is 50f200 + -59?
50f1a7
In base 6, what is 130154 - -401?
130555
In base 4, what is -21 - -12331322221?
12331322200
In base 7, what is 5 + 344301411?
344301416
In base 4, what is -3 + 2302203022?
2302203013
In base 13, what is 4ca63 - -3a?
4caa0
In base 10, what is -75475 - 133?
-75608
In base 14, what is -64d1c14 - -7?
-64d1c0b
In base 10, what is 108948 - -479?
109427
In base 15, what is -4b0032 